 73976?
2, 7, 1321
List the prime factors of 30706.
2, 13, 1181
What are the prime factors of 13446?
2, 3, 83
What are the prime factors of 9353?
47, 199
What are the prime factors of 35445?
3, 5, 17, 139
List the prime factors of 14517.
3, 1613
What are the prime factors of 133451?
133451
What are the prime factors of 830?
2, 5, 83
What are the prime factors of 16076?
2, 4019
What are the prime factors of 28509?
3, 13, 17, 43
What are the prime factors of 23695?
5, 7, 677
What are the prime factors of 754?
2, 13, 29
List the prime factors of 30250.
2, 5, 11
What are the prime factors of 42257?
42257
List the prime factors of 16825.
5, 673
What are the prime factors of 115563?
3, 7, 5503
What are the prime factors of 648?
2, 3
What are the prime factors of 1465?
5, 293
What are the prime factors of 16759?
16759
What are the prime factors of 21652?
2, 5413
What are the prime factors of 1651?
13, 127
What are the prime factors of 3883?
11, 353
List the prime factors of 18183.
3, 11, 19, 29
What are the prime factors of 6945?
3, 5, 463
List the prime factors of 156352.
2, 7, 349
List the prime factors of 13339.
13339
List the prime factors of 99310.
2, 5, 9931
List the prime factors of 4152.
2, 3, 173
List the prime factors of 8304.
2, 3, 173
List the prime factors of 2081.
2081
List the prime factors of 10156.
2, 2539
List the prime factors of 412.
2, 103
What are the prime factors of 50393?
7, 23, 313
List the prime factors of 2411.
2411
List the prime factors of 18629.
13, 1433
List the prime factors of 36445.
5, 37, 197
List the prime factors of 1867.
1867
What are the prime factors of 30654?
2, 3, 13, 131
What are the prime factors of 1173?
3, 17, 23
List the prime factors of 170738.
2, 85369
List the prime factors of 10911.
3, 3637
What are the prime factors of 2185?
5, 19, 23
List the prime factors of 1077.
3, 359
What are the prime factors of 11087?
11087
List the prime factors of 33910.
2, 5, 3391
List the prime factors of 1579.
1579
List the prime factors of 1085.
5, 7, 31
List the prime factors of 1777.
1777
List the prime factors of 13235.
5, 2647
List the prime factors of 85.
5, 17
List the prime factors of 126186.
2, 3, 21031
List the prime factors of 9480.
2, 3, 5, 79
What are the prime factors of 2205?
3, 5, 7
What are the prime factors of 373?
373
List the prime factors of 1197.
3, 7, 19
What are the prime factors of 98263?
11, 8933
List the prime factors of 8156.
2, 2039
List the prime factors of 2426.
2, 1213
What are the prime factors of 452?
2, 113
List the prime factors of 38776.
2, 37, 131
What are the prime factors of 25251?
3, 19, 443
List the prime factors of 1192.
2, 149
What are the prime factors of 106238?
2, 11, 439
List the prime factors of 5023.
5023
What are the prime factors of 29156?
2, 37, 197
What are the prime factors of 3830?
2, 5, 383
List the prime factors of 1519.
7, 31
What are the prime factors of 112541?
11, 13, 787
What are the prime factors of 9234?
2, 3, 19
List the prime factors of 340.
2, 5, 17
What are the prime factors of 10560?
2, 3, 5, 11
What are the prime factors of 175905?
3, 5, 1303
List the prime factors of 5336.
2, 23, 29
List the prime factors of 204.
2, 3, 17
What are the prime factors of 808?
2, 101
What are the prime factors of 233?
233
What are the prime factors of 1732?
2, 433
What are the prime factors of 14594?
2, 7297
List the prime factors of 29968.
2, 1873
What are the prime factors of 487?
487
List the prime factors of 159810.
2, 3, 5, 7, 761
List the prime factors of 4134.
2, 3, 13, 53
What are the prime factors of 21885?
3, 5, 1459
What are the prime factors of 2928?
2, 3, 61
What are the prime factors of 2020?
2, 5, 101
List the prime factors of 17514.
2, 3, 7, 139
List the prime factors of 3425.
5, 137
What are the prime factors of 5698?
2, 7, 11, 37
What are the prime factors of 1062?
2, 3, 59
What are the prime factors of 1262?
2, 631
What are the prime factors of 12955?
5, 2591
List the prime factors of 1514.
2, 757
List the prime factors of 6659.
6659
What are the prime factors of 5112?
2, 3, 71
List the prime factors of 98318.
2, 11, 41, 109
What are the prime factors of 1559?
1559
List the prime factors of 350.
2, 5, 7
What are the prime factors of 94855?
5, 61, 311
List the prime factors of 36301.
31, 1171
What are the prime factors of 689?
13, 53
List the prime factors of 1170.
2, 3, 5, 13
List the prime factors of 596.
2, 149
List the prime factors of 15434.
2, 7717
List the prime factors of 959.
7, 137
List the prime factors of 54175.
5, 11, 197
What are the prime factors of 3270?
2, 3, 5, 109
What are the prime factors of 1234?
2, 617
List the prime factors of 65547.
3, 7283
What are the prime factors of 1121?
19, 59
List the prime factors of 18237.
3, 6079
List the prime factors of 1387.
19, 73
What are the prime factors of 26288?
2, 31, 53
List the prime factors of 3719.
3719
List the prime factors of 946.
2, 11, 43
What are the prime factors of 25469?
25469
List the prime factors of 6735.
3, 5, 449
List the prime factors of 742.
2, 7, 53
List the prime factors of 308.
2, 7, 11
List the prime factors of 3778.
2, 1889
What are the prime factors of 35686?
2, 7, 2549
List the prime factors of 71195.
5, 29, 491
List the prime factors of 49014.
2, 3, 7, 389
What are the prime factors of 18186?
2, 3, 7, 433
What are the prime factors of 4026?
2, 3, 11, 61
List the prime factors of 2540.
2, 5, 127
What are the prime factors of 106207?
106207
What are the prime factors of 353?
353
What are the prime factors of 29306?
2, 14653
List the prime factors of 4473.
3, 7, 71
What are the prime factors of 145817?
7, 37, 563
What are the prime factors of 2391?
3, 797
What are the prime factors of 22562?
2, 29, 389
List the prime factors of 11502.
2, 3, 71
List the prime factors of 11048.
2, 1381
What are the prime factors of 2437?
2437
List the prime factors of 144459.
3, 7, 2293
List the prime factors of 4017.
3, 13, 103
List the prime factors of 35844.
2, 3, 29, 103
What are the prime factors of 19774?
2, 9887
List the prime factors of 416.
2, 13
What are the prime factors of 5360?
2, 5, 67
List the prime factors of 865.
5, 173
What are the prime factors of 1483?
1483
What are the prime factors of 135349?
135349
List the prime factors of 48584.
2, 6073
List the prime factors of 2537.
43, 59
What are the prime factors of 4415?
5, 883
List the prime factors of 8668.
2, 11, 197
List the prime factors of 66386.
2, 19, 1747
What are the prime factors of 68?
2, 17
List the prime factors of 4966.
2, 13, 191
List the prime factors of 43580.
2, 5, 2179
What are the prime factors of 89921?
13, 6917
List the prime factors of 10098.
2, 3, 11, 17
List the prime factors of 9659.
13, 743
List the prime factors of 1319.
1319
What are the prime factors of 12707?
97, 131
List the prime factors of 16736.
2, 523
List the prime factors of 4404.
2, 3, 367
List the prime factors of 3564.
2, 3, 11
What are the prime factors of 17708?
2, 19, 233
List the prime factors of 55830.
2, 3, 5, 1861
What are the prime factors of 28?
2, 7
What are the prime factors of 614?
2, 307
List the prime factors of 48153.
3, 7, 2293
What are the prime factors of 674?
2, 337
What are the prime factors of 36418?
2, 131, 139
List the prime factors of 17586.
2, 3, 977
List the prime factors of 1020.
2, 3, 5, 17
What are the prime factors of 1131?
3, 13, 29
List the prime factors of 31168.
2, 487
What are the prime factors of 373?
373
List the prime factors of 3737.
37, 101
List the prime factors of 8497.
29, 293
What are the prime factors of 26387?
26387
What are the prime factors of 2077?
31, 67
What are the prime factors of 7935?
3, 5, 23
List the prime factors of 22643.
22643
What are the prime factors of 764?
2, 191
What are the prime factors of 29592?
2, 3, 137
What are the prime factors of 1952?
2, 61
List the prime factors of 44150.
2, 5, 883
List the prime factors of 1248.
2, 3, 13
What are the prime factors of 602?
2, 7, 43
List the prime factors of 12467.
7, 13, 137
List the prime factors of 40891.
103, 397
What are the prime factors of 109969?
277, 397
What are the prime factors of 22424?
2, 2803
What are the prime factors of 153?
3, 17
List the prime factors of 7783.
43, 181
What are the prime factors of 2